{"id":10751,"date":"2023-09-13T11:45:49","date_gmt":"2023-09-13T08:45:49","guid":{"rendered":"https:\/\/www.koli.fi\/?page_id=10751"},"modified":"2023-12-15T14:51:32","modified_gmt":"2023-12-15T12:51:32","slug":"pielinen-soi-festival","status":"publish","type":"page","link":"https:\/\/www.koli.fi\/de\/entdeckungen\/veranstaltungen\/pielinen-soi-festival\/","title":{"rendered":"Pielinen Soi-Festival"},"content":{"rendered":"\n<p>Das Pielinen Soi-Festival ist eine ganzj\u00e4hrige Kunstveranstaltung, die 2008 gegr\u00fcndet wurde und j\u00e4hrlich im der ganzen Pielinen-Region Dutzende Konzerte und andere Veranstaltungen durchf\u00fchrt. Die umfangreichste Veranstaltungsreihe findet in der Sommersaison statt, mit Konzerten und anderen Veranstaltungen vor allem in Lieksa, unter anderem in der stimmungsvollen Wildnis-Atelierkirche Paateri, dem Pielinen-Museum, der Kulma-Festhalle und im &#8222;Tempel der Stille&#8220; auf dem Koli-Gipfel, sowie in Juuka und Nurmes. Das Pielinen Soi Festival verf\u00fcgt \u00fcber jahrelange Erfahrung in der Durchf\u00fchrung einzigartiger und unverwechselbarer Konzerte in einzigartigen und unverwechselbaren Umgebungen.<\/p>\n\n\n\n<p>Im Zeitraum 2019\u20132022 konzentrierte sich das Repertoire des Festivals auf das karelische Kulturerbe und die Orthodoxie und wird einige der gleichen Themen fortsetzen. Das Pielinen Soi Festival wird eng mit anderen Sommerveranstaltungen in Pielinen Karelien zusammenarbeiten, wie der Koli-Wanderwoche, der Sommerausstellung der Lieksan Art Association, der Lieksa Brass Week, der Monola Festival Woche und dem Nurmes Sommer Musik Festival.<\/p>\n\n\n\n<p>Was das Pielinen Soi-Festival im Vergleich zu den meisten anderen Sommerveranstaltungen einzigartig macht, ist, dass es nicht jedes Jahr an ein bestimmtes Datum gebunden ist, sondern das Veranstaltungsangebot in Pielinen Karelien erg\u00e4nzt und bereichert und sowohl der lokalen Bev\u00f6lkerung als auch den anspruchsvollen Besuchern des Kulturtourismus von ausw\u00e4rts einzigartige Erlebnisse erm\u00f6glicht.<br><br><\/p>\n","protected":false},"excerpt":{"rendered":"<p>Das Pielinen Soi-Festival ist eine ganzj\u00e4hrige Kunstveranstaltung, die 2008 gegr\u00fcndet wurde und j\u00e4hrlich im der ganzen Pielinen-Region Dutzende Konzerte und andere Veranstaltungen durchf\u00fchrt. Die umfangreichste Veranstaltungsreihe findet in der Sommersaison statt, mit Konzerten und anderen Veranstaltungen vor allem in Lieksa, unter anderem in der stimmungsvollen Wildnis-Atelierkirche Paateri, dem Pielinen-Museum, der Kulma-Festhalle und im &#8222;Tempel der [&hellip;]<\/p>\n","protected":false},"author":20,"featured_media":0,"parent":10743,"menu_order":0,"comment_status":"closed","ping_status":"closed","template":"","meta":{"_acf_changed":false,"footnotes":""},"servicecategories":[],"class_list":["post-10751","page","type-page","status-publish","hentry"],"acf":{"hero_type":"image","hero_image":13769,"hero_video":null,"hero_title_upper":"","hero_title":"","hero_text":"","hero_link":"","use_summer":"no","hero_type_summer":"image","hero_image_summer":null,"hero_video_summer":null,"hero_title_upper_summer":"","hero_title_summer":"","hero_text_summer":"","hero_link_summer":null,"use_winter":"no","hero_type_winter":"image","hero_image_winter":null,"hero_video_winter":null,"hero_title_upper_winter":"","hero_title_winter":"","hero_text_winter":"","hero_link_winter":null},"_links":{"self":[{"href":"https:\/\/www.koli.fi\/de\/wp-json\/wp\/v2\/pages\/10751","targetHints":{"allow":["GET"]}}],"collection":[{"href":"https:\/\/www.koli.fi\/de\/wp-json\/wp\/v2\/pages"}],"about":[{"href":"https:\/\/www.koli.fi\/de\/wp-json\/wp\/v2\/types\/page"}],"author":[{"embeddable":true,"href":"https:\/\/www.koli.fi\/de\/wp-json\/wp\/v2\/users\/20"}],"replies":[{"embeddable":true,"href":"https:\/\/www.koli.fi\/de\/wp-json\/wp\/v2\/comments?post=10751"}],"version-history":[{"count":2,"href":"https:\/\/www.koli.fi\/de\/wp-json\/wp\/v2\/pages\/10751\/revisions"}],"predecessor-version":[{"id":13774,"href":"https:\/\/www.koli.fi\/de\/wp-json\/wp\/v2\/pages\/10751\/revisions\/13774"}],"up":[{"embeddable":true,"href":"https:\/\/www.koli.fi\/de\/wp-json\/wp\/v2\/pages\/10743"}],"wp:attachment":[{"href":"https:\/\/www.koli.fi\/de\/wp-json\/wp\/v2\/media?parent=10751"}],"wp:term":[{"taxonomy":"servicecategory","embeddable":true,"href":"https:\/\/www.koli.fi\/de\/wp-json\/wp\/v2\/servicecategories?post=10751"}],"curies":[{"name":"wp","href":"https:\/\/api.w.org\/{rel}","templated":true}]}}

<p>Das Pielinen Soi-Festival ist eine ganzjährige Kunstveranstaltung, die 2008 gegründet wurde und jährlich im der ganzen Pielinen-Region Dutzende Konzerte und andere Veranstaltungen durchführt. Die umfangreichste Veranstaltungsreihe findet in der Sommersaison statt, mit Konzerten und anderen Veranstaltungen vor allem in Lieksa, unter anderem in der stimmungsvollen Wildnis-Atelierkirche Paateri, dem Pielinen-Museum, der Kulma-Festhalle und im &#8222;Tempel der Stille&#8220; auf dem Koli-Gipfel, sowie in Juuka und Nurmes. Das Pielinen Soi Festival verfügt über jahrelange Erfahrung in der Durchführung einzigartiger und unverwechselbarer Konzerte in einzigartigen und unverwechselbaren Umgebungen.</p>



<p>Im Zeitraum 2019–2022 konzentrierte sich das Repertoire des Festivals auf das karelische Kulturerbe und die Orthodoxie und wird einige der gleichen Themen fortsetzen. Das Pielinen Soi Festival wird eng mit anderen Sommerveranstaltungen in Pielinen Karelien zusammenarbeiten, wie der Koli-Wanderwoche, der Sommerausstellung der Lieksan Art Association, der Lieksa Brass Week, der Monola Festival Woche und dem Nurmes Sommer Musik Festival.</p>



<p>Was das Pielinen Soi-Festival im Vergleich zu den meisten anderen Sommerveranstaltungen einzigartig macht, ist, dass es nicht jedes Jahr an ein bestimmtes Datum gebunden ist, sondern das Veranstaltungsangebot in Pielinen Karelien ergänzt und bereichert und sowohl der lokalen Bevölkerung als auch den anspruchsvollen Besuchern des Kulturtourismus von auswärts einzigartige Erlebnisse ermöglicht.<br><br></p>

<p>Das Pielinen Soi-Festival ist eine ganzjährige Kunstveranstaltung, die 2008 gegründet wurde und jährlich im der ganzen Pielinen-Region Dutzende Konzerte und andere Veranstaltungen durchführt. Die umfangreichste Veranstaltungsreihe findet in der Sommersaison statt, mit Konzerten und anderen Veranstaltungen vor allem in Lieksa, unter anderem in der stimmungsvollen Wildnis-Atelierkirche Paateri, dem Pielinen-Museum, der Kulma-Festhalle und im &#8222;Tempel der [&hellip;]</p>
